12, what is 334 - 46?
2aa
In base 8, what is 0 + 1002136?
1002136
In base 8, what is 4 - -61650?
61654
In base 3, what is -12022 - -1000?
-11022
In base 8, what is -104470 - 5?
-104475
In base 2, what is 111000111100 - 1111010001?
101001101011
In base 7, what is 1 + 446456?
446460
In base 5, what is -22143404 - 4?
-22143413
In base 16, what is 25 + -209?
-1e4
In base 10, what is -5 + -1366?
-1371
In base 4, what is 111 - 121003023?
-121002312
In base 8, what is -62435 - 6?
-62443
In base 9, what is -4 + 410846?
410842
In base 4, what is -32 + 1011101?
1011003
In base 7, what is -2064320 + -1?
-2064321
In base 6, what is 503 - 522?
-15
In base 6, what is -104205 - -11?
-104154
In base 5, what is -304 + -14322?
-20131
In base 13, what is 4 + -113558?
-113554
In base 14, what is 2061 - 183?
1cbc
In base 3, what is -22220220 - -1?
-22220212
In base 9, what is -20 - -1157?
1137
In base 13, what is -4 - -3822?
381b
In base 2, what is 11100100010 + 101100?
11101001110
In base 15, what is -d80 - 0?
-d80
In base 10, what is 3438 - -158?
3596
In base 6, what is 4 - 321105?
-321101
In base 16, what is -20522 - -1c?
-20506
In base 9, what is 8 + -108016?
-108007
In base 9, what is -1 + 2673?
2672
In base 7, what is 0 - -541100?
541100
In base 10, what is -5422 - -5?
-5417
In base 4, what is 1 - -101332000?
101332001
In base 16, what is 1ea + 5c?
246
In base 7, what is 323432 - -3?
323435
In base 14, what is -5 + 30caa?
30ca5
In base 8, what is 5 + 5022333?
5022340
In base 3, what is -1 + -200200000212?
-200200000220
In base 9, what is 160246 + 11?
160257
In base 4, what is -10 + -131332132?
-131332202
In base 15, what is -70 - -2d88?
2d18
In base 15, what is -321 - 208?
-529
In base 9, what is 222 - -141?
363
In base 3, what is 10 - 221111022?
-221111012
In base 8, what is -2605103 - 3?
-2605106
In base 16, what is 744c + 16?
7462
In base 11, what is -5 - 185630?
-185635
In base 3, what is -2002212202 - -1010?
-2002211122
In base 14, what is -579 - -6?
-573
In base 16, what is 2b + 1b6?
1e1
In base 16, what is 3 + -24e5?
-24e2
In base 14, what is -8 + -2453?
-245b
In base 12, what is 1080a1 + -6?
108097
In base 14, what is -3 + -c077?
-c07a
In base 15, what is 23 + 424?
447
In base 5, what is -3 + -21110004?
-21110012
In base 4, what is 12031 - 22212?
-10121
In base 9, what is 5 + -20731?
-20725
In base 9, what is -32 - -2?
-30
In base 7, what is -156 - 223?
-412
In base 11, what is -14 + -18026?
-1803a
In base 6, what is 501205 + -34?
501131
In base 16, what is 62 - 681?
-61f
In base 8, what is -2 - 51313?
-51315
In base 9, what is 1 + -600503?
-600502
In base 5, what is 12 + 4231203?
4231220
In base 3, what is -112001110 + -101?
-112001211
In base 11, what is -214 + 4a?
-175
In base 11, what is -1013 - 1aa?
-1212
In base 14, what is -4 + 2588?
2584
In base 13, what is 37c0 + 2?
37c2
In base 4, what is 123 - 113?
10
In base 6, what is -1514 + -34123?
-40041
In base 7, what is -2256 - -31?
-2225
In base 4, what is -213232 + -131?
-220023
In base 11, what is -800710 - -4?
-800707
In base 7, what is 301542 - -2?
301544
In base 5, what is 21343 + 132?
22030
In base 16, what is -24b + -80?
-2cb
In base 6, what is -2 - 223222?
-223224
In base 12, what is -2 + -117b3?
-117b5
In base 12, what is -3a867 + -20?
-3a887
In base 13, what is -26 - -72?
49
In base 8, what is -4 - -26210?
26204
In base 12, what is -6098 - 451?
-6529
In base 2, what is -11111011101 + 110?
-11111010111
In base 9, what is 441165 - -2?
441167
In base 15, what is 1bae0 + -c?
1bad3
In base 2, what is 1011 + 111000110?
111010001
In base 8, what is -3316311 - 5?
-3316316
In base 8, what is -15 - 57747?
-57764
In base 16, what is 2 + 260f?
2611
In base 7, what is -1353 + 111?
-1242
In base 6, what is 1 + -31041215?
-31041214
In base 13, what is 115 + -17a4?
-168c
In base 10, what is 113208 - 1?
113207
In base 7, what is -1022510 - 0?
-1022510
In base 10, what is 11 + 15125?
15136
In base 11, what is 2 - 98608?
-98606
In base 16, what is -c124 - -6?
-c11e
In base 15, what is 659b - 3?
6598
In base 6, what is 3 + 1043055?
1043102
In base 11, what is 27524 + 41?
27565
In base 16, what is 19d - -3bf?
55c
In base 5, what is -2414 - -2141?
-223
In base 14, what is 93dd - 7?
93d6
In base 2, what is -100 + 10001010010100100?
10001010010100000
In base 15, what is e44e + 10?
e45e
In base 14, what is -1c3 - -20?
-1a3
In base 4, what is 21333 - 21301?
32
In base 16, what is 1 + -133a?
-1339
In base 14, what is 140 + 5d0?
730
In base 16, what is 1c4477 + 1?
1c4478
In base 5, what is -4 + -443242?
-443301
In base 15, what is -c8 + -53b?
-614
In base 14, what is -269b7 + -2?
-269b9
In base 6, what is -540 + 1044?
104
In base 14, what is 6776a + -3?
67767
In base 2, what is 10 + 11010100110111010?
11010100110111100
In base 11, what is 3 - -44580?
44583
In base 5, what is -4 - -322144?
322140
In base 8, what is -644741 - 3?
-644744
In base 8, what is 0 + -7663?
-7663
In base 3, what is 0 - 2012222201?
-2012222201
In base 6, what is -25 - 35013?
-35042
In base 12, what is -4363 - b8?
-445b
In base 2, what is -1111110111001101 + 101000?
-1111110110100101
In base 7, what is -5 - 30424?
-30432
In base 8, what is -3207 + 4175?
766
In base 10, what is -26389 - 26?
-26415
In base 14, what is -1 - 2d49?
-2d4a
In base 6, what is 424355 + 0?
424355
In base 5, what is -30342142 - -20?
-30342122
In base 3, what is -100001110201 - 1?
-100001110202
In base 5, what is 1 + -1200241?
-1200240
In base 12, what is -352a - a?
-3538
In base 7, what is -141 - -223652?
223511
In base 10, what is 317217 + 4?
317221
In base 3, what is -10 - 2202111012?
-2202111022
In base 16, what is 1400c + 4?
14010
In base 8, what is -1770 + 3202?
1212
In base 4, what is -2021131 - -10?
-2021121
In base 12, what is -36a + 235?
-135
In base 8, what is -67 - -61?
-6
In base 11, what is 4 + 381993?
381997
In base 10, what is 5 + -16240?
-16235
In base 10, what is 12 + -242234?
-242222
In base 3, what is -220101012 - -2201?
-220021111
In base 12, what is 0 + -56b07a?
-56b07a
In base 9, what is 6751 - -11?
6762
In base 12, what is 4 - -58255?
58259
In base 9, what is -2 - 17040?
-17042
In base 10, what is -26 + 2628?
2602
In base 13, what is 177b + 53?
1801
In base 14, what is d - d37a?
-d36b
In base 9, what is 747 - 118?
628
In base 7, what is 412 - 12411?
-11666
In base 7, what is -5 - -16524?
16516
In base 4, what is -102323101 - -3?
-102323032
In base 7, what is -1144152 - 2?
-1144154
In base 10, what is 11 + 19023?
19034
In base 9, what is 262 - 560?
-287
In base 14, what is 3ccc34 - 3?
3ccc31
In base 14, what is d386 + 21?
d3a7
In base 16, what is -5 + 4d6ef?
4d6ea
In base 13, what is -2 - 5435?
-5437
In base 11, what is 4 - 25056?
-25052
In base 16, what is b + 455e?
4569
In base 6, what is 5 + 110230?
110235
In base 6, what is 15020 + -10?
15010
In base 10, what is -29317 - 3?
-29320
In base 16, what is -243c6 - -3?
-243c3
In base 3, what is 1000202 - 2010?
221122
In base 10, what is 113937 + 1?
113938
In base 12, what is -3 - -2961?
295a
In base 8, what is -3 + 37064?
37061
In base 6, what is -522 + -1302?
-2224
In base 8, what is 252631 - -62?
252713
In base 7, what is 3240 + -56?
3151
In base 14, what is 7bc00 - 5?
7bbd9
In base 10, what is -90 + -4355?
-4445
In base 6, what is 34 - -1311?
1345
In base 6, what is 21 + 111422?
111443
In base 7, what is 22542 - 23?
22516
In base 5, what is -14 - -2033243?
2033224
In base 15, what is -5 + -1d27?
-1d2c
In base 16, what is a519 - 5?
a514
In base 11, what is 911 - 35?
887
In base 13, what is -3c5 + 357?
-6b
In base 3, what is -10 + -2102000021?
-2102000101
In base 13, what is -3 - -1949c?
19499
In base 8, what is -57726 + -55?
-60003
In base 5, what is 310 - 20310?
-20000
In base 12, what is -5 + -3188?
-3191
In base 9, what is -3324 + 3?
-3321
In base 2, what is 1 - 11101000111001?
-11101000111000
In base 5, what is 3420141 + 3?
3420144
In base 6, what is 21313 - -4?
21321
In base 6, what is 143 + 220552?
221135
In base 8, what is -71 + -10?
-101
In base 11, what is -a16 - a3?
-1009
In base 5, what is -12340 + -331?
-13221
In base 6, what is -2301523 + 5?
-2301514
In base 3, what is 21022120 - 20?
21022100
In base 3, what is 10010021 - 1021?
10002000
In base 2, what is -11001010 + 1001101010101?